2. Let y = k + s. What are the prime factors of y?
2
Let f = -8 - -14. Suppose -5*z = -2*s - 75, 3*z + 2*s = f*s + 59. What are the prime factors of z?
13
Let i(v) = -v + 8. Let d be i(9). What are the prime factors of (4 + 11 - d) + 1?
17
Let w = -109 + 133. What are the prime factors of w?
2, 3
Suppose -1 = -y - 0. Suppose -2*w + 2*b + y = -1, -5*b = -4*w + 3. List the prime factors of 2/4 - (-11)/w.
2, 3
Let m be ((-3)/(-1))/(6/14). Suppose m = p - 2*p + 2*c, 4*p - 4*c = -8. Suppose -p*q = -19 - 5. What are the prime factors of q?
2
Let h = 9 - 7. Let s be 1/h*4 + 3. Suppose s*i = i + 16. What are the prime factors of i?
2
Suppose 0 = 4*f + y - 60, f = -f - y + 28. Let t = f + 8. What are the prime factors of t?
2, 3
Let t = 5 + 4. List the prime factors of t.
3
Let d = -1 + 4. Let s be d*(-3)/(-9) + -1. Suppose 5*i + 9 - 29 = s. What are the prime factors of i?
2
Let y = -2 - -2. Suppose -5*o + 5 + 7 = i, -3*o + 5*i + 24 = y. Suppose -s + 4*q = 4*s - 15, -s - o*q + 3 = 0. List the prime factors of s.
3
Let n be ((-1)/2)/((-12)/48). Let b(o) = -o**2 - o + 2. Let a be b(-6). List the prime factors of n/8 + (-273)/a.
2, 5
Let u = 0 + -1. Let y = -1 - 6. List the prime factors of (u - 10)*(6 + y).
11
Suppose 24 - 6 = 3*x - 3*a, -x + 14 = -5*a. Suppose f + 6*v = 2*v - x, -3*f + 5 = -5*v. What are the prime factors of (-6)/((f - -1)*-1)?
2, 3
Let n(l) = -2*l + 4. Let m be n(4). What are the prime factors of m/18 - (-1524)/54?
2, 7
Let f(m) = -7*m**3 + 2*m**2 + 13*m + 6. Let u(d) = 6*d**3 - d**2 - 12*d - 6. Let z(x) = 5*f(x) + 6*u(x). Suppose 35 = -5*l + 10. List the prime factors of z(l).
2
Let f(c) be the second derivative of c**4/12 - c**3/3 + 2*c**2 + 2*c. Suppose -i = 2*i + 9. List the prime factors of f(i).
19
Suppose 0 = -2*x - 0*t - 2*t + 14, 2*x - 5*t = -21. What are the prime factors of x?
2
Let f = 11 + -34. What are the prime factors of 2 + (f - -1)*-1?
2, 3
Let y(x) be the third derivative of x**5/10 - x**4/8 - x**3/6 + x**2. Let c(k) = k. Let m(a) = 3*c(a) + y(a). List the prime factors of m(1).
5
Let u(b) = 4*b**2 + 3*b - 3. Let p be u(-3). Let s = 8 + p. Suppose 0 = -4*v - 3*x + s, -3*v - x = -2*x - 11. List the prime factors of v.
5
Let z = 5 - 0. Suppose z*y = 62 + 68. What are the prime factors of (3/(-2))/(-3)*y?
13
Let p(c) = c**2 - 2*c. List the prime factors of p(-5).
5, 7
Suppose -2*u = -v + 2*v - 226, 230 = 2*u + 2*v. What are the prime factors of u?
3, 37
Let c be (-10)/2 - (7 + -9). What are the prime factors of (c + 0)*(-28)/6?
2, 7
Suppose -9*h + 425 = -4*h. List the prime factors of h.
5, 17
Suppose -5*z + 0*z = -2*i - 146, 0 = -5*i - 15. Suppose -3*l = l + 3*n - 8, -4*l = -2*n - z. Let o(p) = p**2 - 3*p - 3. List the prime factors of o(l).
7
Suppose 5*j + 26 + 85 = 4*m, 5*m - j - 123 = 0. What are the prime factors of m?
2, 3
Suppose 2*w - 7 = -5*k, 5*k - 2*k - 5 = -w. Let i(s) = -s**2 + 3*s + 2. What are the prime factors of i(k)?
2
Let k = 132 - 5. List the prime factors of k.
127
Let l = 4 + 0. Suppose 10*r - 5*r = -3*u + 54, 21 = r + l*u. Suppose 0*m - r = -m. What are the prime factors of m?
3
Let w(h) = h**3 + 6*h**2 + h + 8. Let l be w(-6). What are the prime factors of 1 + (l - -9) + 2?
2, 7
Let i = 281 - 76. What are the prime factors of i?
5, 41
Suppose -5*z + 35 = 3*p, 3*p - 13 = 2. Suppose z = 5*n - 6. Suppose -3*b + t = -21, n*b + 5*t - t = 14. List the prime factors of b.
7
Suppose -5*w + 20 = 2*r, 4*r - 3*w + 11 = 51. What are the prime factors of r?
2, 5
Suppose -q + 22 = -87. What are the prime factors of q?
109
Suppose -4*b = -5*q + 5, b - 3*q - 1 = -4*q. Suppose 46 - 10 = 2*j. Suppose b = -i - i + j. List the prime factors of i.
3
Let h be 1*(0 + 1) + 1. Let v(f) = 2*f**2 + 23*f - 5. Let x(s) = -s**2 - 11*s + 3. Let b(g) = h*v(g) + 5*x(g). List the prime factors of b(-9).
5
Let p(y) = y**3 - 6*y**2 - 3*y - 13. What are the prime factors of p(7)?
3, 5
Suppose 4*t - 22 = 2*t. List the prime factors of t.
11
Let k be -1 + 3 - (-1 - 92). Let s = k - 31. Suppose 0 = 3*n + n - s. What are the prime factors of n?
2
Let j(x) = x**3 - 16*x**2 + 16*x - 7. What are the prime factors of j(16)?
3, 83
Let h = -4 - -8. List the prime factors of 115/35 + h/(-14).
3
Let l(a) = -a**2 - 9*a + 5. Let v be l(-9). Suppose v*t - 50 - 65 = 0. What are the prime factors of t?
23
Let h(t) be the third derivative of t**5/60 - 2*t**3/3 - 2*t**2. List the prime factors of h(4).
2, 3
Suppose -12*w + 16*w - 44 = 0. List the prime factors of w.
11
Suppose 2*y - 4*y + 32 = 0. What are the prime factors of y?
2
Suppose 0 = -2*y - 2*k - k + 9, 0 = 4*y + 4*k - 12. Suppose -w + 6*w - 10 = y. Suppose 0*d + w = d. List the prime factors of d.
2
Let h be (-3 - 21/(-9))*-6. Suppose h = 4*a - 3*a. What are the prime factors of a?
2
Let u(w) = -w**2 - 11*w + 5. What are the prime factors of u(-8)?
29
Suppose 4*g + 140 = -0. Let a = 68 + g. What are the prime factors of a?
3, 11
Let k(d) = -d**2 + 7*d + 4. Let h be -7*2/4*-2. Let n be k(h). Suppose 0 = -2*r + 4*v + n, 4*v = -4*r + 64 + 4. List the prime factors of r.
2, 3
Let z(u) = -7*u - 30. List the prime factors of z(-7).
19
Let j = 450 + -255. What are the prime factors of j?
3, 5, 13
Let q(p) be the first derivative of 16*p**3/3 - p + 1. What are the prime factors of q(-1)?
3, 5
Let x(k) = -k**3 + 25*k**2 - 8*k + 33. List the prime factors of x(24).
3, 139
Suppose 3*c - 6 = -0*c. Suppose -c*u = 3*u - 85. List the prime factors of u.
17
Let o = -57 - -90. What are the prime factors of o?
3, 11
Let y = -2 - -4. Let r = 4 - y. List the prime factors of r.
2
Let a be (-18)/(-3) + -2 + 0. Suppose 0 = -y + a*z - z + 16, 0 = -4*y + 5*z + 57. List the prime factors of y.
13
Let c be 16/(-4)*(-2 - 11). What are the prime factors of (-4)/10 + c/5?
2, 5
Let x(w) = -2*w + 18. Let s be x(14). List the prime factors of (s/8)/((-1)/8).
2, 5
Suppose 0 = 5*o - 3*l + 2*l - 9, -o + 5*l = 3. Suppose 3*m = -o*m. List the prime factors of m + 0 + 3 + 3.
2, 3
Let f(d) = d**3 + 9*d**2 + 5*d - 9. Let a be f(-8). Suppose 13 - 3 = -5*m - z, 0 = m + 5*z + 2. List the prime factors of (4/(-3))/(m/a).
2, 5
Suppose -220 + 61 = -2*l + 5*n, -281 = -3*l - n. Suppose 3*a = -a + l. What are the prime factors of a/3 - 2/3?
7
Suppose -2*o = -4*i + 7 + 1, -2*o = i - 7. What are the prime factors of 1/(i/(-3))*-38?
2, 19
Suppose 0 = -6*y + 1792 + 758. List the prime factors of y.
5, 17
Suppose 6 = -4*d + 34. Suppose d = -3*k - 5*h, -18 + 4 = 4*k + 2*h. Let m = k - -8. What are the prime factors of m?
2
Suppose -2 = r - 8. What are the prime factors of r*((-2)/(-6) - -1)?
2
Let u = 5 + -2. Suppose -4 = u*b + 5. Let s = b + 16. What are the prime factors of s?
13
Suppose 58 = -5*d + 3*d. Let v(x) = 40*x**3 + x**2 - x. Let m be v(1). Let n = d + m. List the prime factors of n.
11
Suppose 0*r = 3*r + 4*n - 138, -2*n - 256 = -5*r. What are the prime factors of r?
2, 5
Let a(f) = 8*f**2 - 10*f + 4. What are the prime factors of a(6)?
2, 29
Let f(z) = -3*z - 18. Let r be f(-9). Suppose l - 16 + r = 0. List the prime factors of l.
7
Let j(b) be the second derivative of -b**4/12 - 4*b**3/3 + b**2 - 3*b. List the prime factors of j(-6).
2, 7
Suppose 0 = 5*y - 0*y - 95. What are the prime factors of y?
19
Suppose -6*u = 3*h - 4*u - 58, h + 5*u - 15 = 0. What are the prime factors of (-134)/(-10) - 8/h?
13
What are the prime factors of 4/(-7 + 3) + 11?
2, 5
Let n = -13 + 19. What are the prime factors of n?
2, 3
Let d(g) = g - 12. Let c(u) = u. Let z(t) = 2*c(t) - d(t). Let w be z(-6). Let r = w - 1. What are the prime factors of r?
5
Suppose -1 - 1 = -k. Suppose 0 = -0*o - 2*o + 2*d + 12, k*d - 4 = 0. List the prime factors of o.
2
Let a = -26 - -37. Suppose -5*u + 107 = 3*o, -u - o + 14 + 7 = 0. Let s = u - a. What are the prime factors of s?
11
Let g = 341 + -240. List the prime factors of g.
101
Let j(a) be the second derivative of a**4/12 - a**3/2 + 5*a**2/2 + 3*a. List the prime factors of j(5).
3, 5
Suppose -c - 5*v + 16 = -9, -2*c - 4*v + 32 = 0. Suppose -4*p + 132 = -w, -5*p - 154 = -c*p + 4*w. List the prime factors of p.
2, 17
Let h be 26 - -2*(1 - 2). Suppose 2*r - 4*p = h, -3*r + 5*p + 33 = -0*r. What are the prime factors of r?
2, 3
Let w = -299 + 445. Let b be (-6)/(-15) + w/10. Let c = 35 - b. What are the prime fa